etermine p(l).
0
Let v be (-12)/(-24)*(-1 + 1). Let t(r) = -5 - r - 204*r**3 + 107*r**3 + 96*r**3. Calculate t(v).
-5
Let p(g) = 17*g**2 + 6*g - 11. Let m(n) = 9*n**2 + 3*n - 6. Let o(k) = 11*m(k) - 6*p(k). Suppose -11*a + 10*a - 2 = 0. Give o(a).
-6
Let h(t) = t**2 - 12*t + 13. Suppose 120*m - 616 = 18*m + 14*m. Give h(m).
-22
Let q(h) = -2*h**2 + 4*h - 8 + 3*h**2 - 2*h**2. Let r(n) be the first derivative of 7*n**3/3 + 2*n**2 + 3*n - 75. Let l be r(-1). Determine q(l).
-20
Let i(d) = 10*d - 1. Suppose 105 = 4*v - q + 19, 2*q = 2*v - 40. Suppose -7*g = 4*g + v. Calculate i(g).
-21
Let c be 1*2*((-80)/360)/((-4)/(-9)). Let n(q) be the first derivative of -q**5/6 + q**3/6 + q**2 - 2. Let l(x) be the second derivative of n(x). Give l(c).
-9
Suppose -2*j + 6 = -22. Let q(k) = 4*k**3 + 129*k**2 + 11*k - 4. Let i(n) = -n**3 - 48*n**2 + n. Let p(z) = -3*i(z) - q(z). What is p(j)?
4
Let p(r) = 5249955*r + 4 - 5249953*r + 0*r**3 + 9 + r**2 - 5*r**2 - r**3. What is p(0)?
13
Let a be 36/(-10)*100/(-30). Suppose -3*k - k + a = 0. Let g(t) = 8*t - 5. Let d(q) = -10*q + 6. Let b(v) = 5*d(v) + 6*g(v). Calculate b(k).
-6
Let t(j) = j**2 + 75*j - 228. Let u be ((-1)/11)/(8/24)*-11. Give t(u).
6
Let l be 131/1965 + (-4)/60. Let n(h) = -h**2 - 7*h + 23. What is n(l)?
23
Let t(u) = u - 14*u + 6 + 5*u + 5*u. Determine t(-16).
54
Suppose 0 = 7*a - 920 - 39. Let p = a - 142. Let n(k) = -k**3 - 4*k**2 + 5*k - 7. Give n(p).
-7
Let f = -2279 + 2279. Let v(x) be the third derivative of -1/3*x**3 + 1/8*x**4 + f + 1/60*x**6 + 16*x**2 + 0*x - 1/30*x**5. Give v(2).
12
Suppose 0 = 9*x - 313 + 70. Suppose d - 17 - 20 = -5*p, -3*p + d = -x. Let g(y) = 2*y - 9. Calculate g(p).
7
Let o(q) be the first derivative of -8*q**3 - 144*q**2 + 3*q - 11443. Calculate o(-12).
3
Let p(d) = -18*d + 1. Suppose 7*a + 115 = 143. Suppose u - 8 - 2 = -a*l, -8 = u - 2*l. What is p(u)?
37
Let d(a) = -6*a - 132. Let y be (-4)/3*60/100*660/24. Give d(y).
0
Suppose -24*z = 2 - 26. Let t(x) be the first derivative of x**6/120 + x**5/30 - x**4/24 - x**2 + 2. Let w(y) be the second derivative of t(y). Determine w(z).
2
Let x(l) = 13*l + 9. Let p(w) = 13*w - 5. Let k(t) = 5*p(t) - 6*x(t). What is k(-6)?
-1
Let g(v) = v**3 + 9*v**2 + 10*v + 12. Let j be -7 + 9 + ((-76)/(-2))/(-1). Let o be 2 - (21 + -1) - j/9. Let d be (-3)/(((-3)/o)/(16/28)). What is g(d)?
-4
Let v(r) = -21*r - 24*r + 46*r. Let d = 2496 - 2494. Calculate v(d).
2
Let j be (-108)/(-45)*(-15)/(-9). Suppose -29 = -0*s - 3*s - j*y, 2*s = 4*y - 14. Let m(i) = 7*i + 2. Calculate m(s).
23
Let t(f) = f**2 - 20*f - 6. Let g(b) = b**2 + 31*b + 129. Let p be g(-4). Determine t(p).
15
Let p(o) = -6*o + 1 - 3 + o**3 + 44*o**2 - 38*o**2 - 2*o. Let z be -1*6 - (-9 - (-7 - 3)). Calculate p(z).
5
Let c(f) be the first derivative of f**3/3 - 11*f - 1093. Give c(-4).
5
Let h(d) = 34*d**2 - 20*d**2 - 3*d**2 - d - 4*d**2 + 0*d. Let k(p) = -p**2 + 3*p - 1. Let z be k(1). Calculate h(z).
6
Let l(y) = 1. Let s(f) = f**2 + 6*f + 8. Let v(p) = -4*l(p) + s(p). Let j = -646 - -726. Suppose 14*x = j - 164. Determine v(x).
4
Let q(b) be the first derivative of -b**4/4 - b**3 + 3*b**2 + b - 4798. Calculate q(-4).
-7
Let k(z) = 2*z. Let w be (3*1)/((-24)/(-208)). Let y be k(w). Let u(f) = 4 + 53*f**3 - 9 - 7*f**2 + 2*f - y*f**3. Determine u(6).
-29
Let s(x) = -14*x**3 - 4*x**2 - 15*x + 54. Let a(k) = -3*k**3 - k**2 - 3*k + 11. Let n(d) = 19*a(d) - 4*s(d). Determine n(-7).
168
Let b(m) = m**2 - 5*m + 8. Suppose -13*g + 30376 = 30311. Calculate b(g).
8
Let b(r) be the second derivative of -r**7/840 - 11*r**6/360 - r**5/60 - 5*r**4/8 - 35*r**3/6 + 6*r - 1. Let z(m) be the second derivative of b(m). Give z(-11).
7
Let a be ((-12)/((-6)/2))/((-12)/(-6)). Let j(w) = 1 - 4 - a*w + 7 - 3 - 6 + w**2. What is j(3)?
-2
Let b(f) = f - 1086859*f**2 - 4 + f + 1086866*f**2. Give b(-2).
20
Suppose 4*h - 188 = -5*r, 4*r = -2*h - r + 104. Let g be 3 + (12/h - (-69)/(-21)). Let w(c) be the third derivative of c**4/24 - 11*c**3/6 - 2*c**2. Give w(g).
-11
Let l(t) = -t**2 + 10*t - 22. Suppose -12*c - 867 = -915. Determine l(c).
2
Let v(x) = 16*x**2 + x - 36*x**2 + 22*x**2 - 7. What is v(-3)?
8
Let c(x) = -2*x**2 + 9*x + 2. Suppose -44 = -y + 4*a, 730*y - 31 = 725*y - a. Give c(y).
-54
Let q(x) = x**3 + 3*x**2 + 3*x + 3. Let d be (-2532)/18*(-3)/(-2)*-1. Let y = 209 - d. Give q(y).
1
Let s(i) = i - i + i - 1 + i**2. Let x(q) be the third derivative of q**6/120 - q**5/60 + q**4/2 - 7*q**3/3 + 170*q**2. Let c(k) = 6*s(k) - x(k). What is c(6)?
8
Let g(u) = 3*u**3 - 17*u**2 - 13*u - 6. Let w(y) = -y**3 + y**2 + y + 1. Let n(p) = -g(p) - 8*w(p). Give n(-3).
-71
Let c(j) = 31 + 13*j - 28 - 24 - 10*j. What is c(7)?
0
Let m be (-18342)/30 - 1 - (-3)/(-5). Let h = 614 + m. Let r(j) = -13*j**2 - j + 1. Determine r(h).
-13
Let n(k) = -k**2 + 12*k + 24. Let u be n(-11). Let o = u - -96. Let v = -131 - o. Let y(p) = -p + 4. Give y(v).
2
Let o(p) = -4 + p + 2 - 2*p. Let z(i) = -i**3 - 21*i**2 + 5*i + 111. Suppose -4*l = f + 25, 4*f - 2*l - 19 = -101. Let s be z(f). What is o(s)?
-8
Let a(k) = k**3 - 9*k**2 - 12*k + 10. Suppose -3*s + 5*y - 10 = 0, 3*y + 11 - 31 = -s. Suppose -s*o = 0, o - 3*o - 10 = -v. Give a(v).
-10
Let v(j) = 6*j**3 + 12*j**2 - 53*j + 24. Let h(l) = -7*l**3 - 13*l**2 + 55*l - 26. Let t(m) = 5*h(m) + 6*v(m). Give t(-11).
3
Suppose 10757 = -3*m + 10757. Let a(n) be the second derivative of n + 5/12*n**4 - 7/6*n**3 + 1/20*n**5 - 1/2*n**2 + m. Determine a(-6).
5
Let r(y) be the first derivative of 3*y**4/4 - 148*y**3/3 + 25*y**2 - 49*y - 5933. Determine r(49).
0
Let t(o) = -2*o**2 + 77*o - 431. Let a be t(7). Let g(h) = -h**2 + 8*h + 7. What is g(a)?
-13
Let c = 155 + -157. Let y(z) = -23*z - 27. Let i(a) = 8*a + 8. Let h(s) = c*y(s) - 7*i(s). Determine h(-3).
28
Let f be ((-118)/(-12))/(-1) + (-410)/(-41). Let o(x) be the second derivative of 0 - 10*x + 1/2*x**2 + f*x**3. What is o(3)?
4
Let m(w) be the third derivative of -13*w**4/24 - 127*w**3/6 + 632*w**2 + w. Give m(-11).
16
Let b(t) = -7*t + 19. Let j(r) be the second derivative of -3*r**3/2 + 10*r**2 - 3*r + 6. Let q(a) = -4*b(a) + 3*j(a). Calculate q(9).
-7
Let x(a) = 33*a + 246. Let j(p) = 4*p + 34. Let k(g) = -15*j(g) + 2*x(g). Calculate k(11).
48
Let i(d) be the first derivative of -22*d**3/3 + d**2 + d - 1346. Give i(-1).
-23
Let i(n) = 2*n**2 + 6*n - 6. Let h(f) = -3*f**2 - 13*f + 12. Let p(z) = 3*h(z) + 5*i(z). Let q be ((-60)/(-6))/(-5)*-4. Give p(q).
-2
Let h(f) = f. Let b(m) = 15*m - 21. Let s be b(3). Suppose -5*c = -q + 9 + 1, 0 = 4*q - 4*c - s. What is h(q)?
5
Let i(b) = -b**3 - 8*b**2 - 8*b + 1. Suppose -r + q = 0, -5*q + 0*q + 25 = 0. Let f be (-24)/60 - 28/r. Determine i(f).
-23
Let r(a) = 17*a**2 + 1805*a + 322. Let c be r(-106). Let j(v) = -4*v**2 + 7*v - 6. Determine j(c).
-42
Let v(a) be the second derivative of a**4/2 - a**3/3 - 5*a**2/2 + 36*a + 1. Determine v(3).
43
Let h(z) be the third derivative of 19*z - 1/30*z**5 + 1/6*z**3 + 0 + 1/24*z**4 + 3*z**2. Suppose -2*f = -0*f + 4. Calculate h(f).
-9
Let o(i) = i - 4. Let s be o(4). Let w(c) = 31 + c**2 - 3*c + 42 + 7*c - 76 - 3*c. Give w(s).
-3
Let a = 220 + -224. Let y be -5 - (-4 + 9)*a/(-10). Let v(k) = 2*k**2 + 5*k - 4. Let x(h) = h**2 - h - 1. Let w(q) = -v(q) + x(q). Give w(y).
-4
Let n(m) = 8*m**2 + m + 1. Let s(g) = -25*g**2 + 5*g + 6. Let a(l) = 3*n(l) + s(l). Give a(8).
9
Suppose 2 = -2*l + 2*n - 32, 5*l = n - 81. Let f be (-120)/l*8/6. Let p(g) = 7*g**2 - 10*g - 6*g**2 - 2 + f*g. What is p(-4)?
14
Let n(a) be the first derivative of 58 + 2*a - 3/2*a**2. Calculate n(-2).
8
Let n(g) = -11 - 14*g - 7*g**2 + 10 - 8*g**3 + 12. Let w(q) = 3*q**3 + 2*q**2 + 5*q - 4. Let x(l) = 4*n(l) + 11*w(l). What is x(6)?
-6
Let w be (12/(-10))/((-6)/135). Suppose c + 2*c = w. Let v(o) = -3*o + 4*o - 3467 + 3459. What is v(c)?
1
Let t(y) be the first derivative of y**4/4 - y**3 + 7*y**2/2 - 7*y + 1359. What is t(4)?
37
Let n(y) = y**3 + 6*y**2 - 7*y - 5. Let s = -288 - -319. Suppose -4*p + g = s, -57 = 3*p - g - 33. Give n(p).
-5
Let f(c) = -13*c**2 - 53*c**3 - 3*c**2 - 47*c**3 + 14 + 28*c + 10 + 101*c**3. What is f(14)?
24
Let f(v) = v**2 + 11*v + 16. Let c be f(-2). Let w(s) be the third derivative of s**6/120 + s**5/20 - s**3/6 - 18*s**2. What is w(c)?
3
Let k(z)